{"version":"1.0","provider_name":"Olis de Catalunya","provider_url":"https:\/\/www.olisdecatalunya.es\/ca","author_name":"Olis de Catalunya","author_url":"https:\/\/www.olisdecatalunya.es\/ca\/author\/iker-garcia\/","title":"Sis gustoses amanides que t\u2019ajudaran a combatre la calor - Olis de Catalunya","type":"rich","width":600,"height":338,"html":"<blockquote class=\"wp-embedded-content\"><a href=\"https:\/\/www.olisdecatalunya.es\/ca\/sis-gustoses-amanides-tajudaran-combatre-la-calor\/\">Sis gustoses amanides que t\u2019ajudaran a combatre la calor<\/a><\/blockquote>\n<script type='text\/javascript'>\n<!--\/\/--><![CDATA[\/\/><!--\n\t\t\/*! This file is auto-generated *\/\n\t\t!function(d,l){\"use strict\";var e=!1,o=!1;if(l.querySelector)if(d.addEventListener)e=!0;if(d.wp=d.wp||{},!d.wp.receiveEmbedMessage)if(d.wp.receiveEmbedMessage=function(e){var t=e.data;if(t)if(t.secret||t.message||t.value)if(!\/[^a-zA-Z0-9]\/.test(t.secret)){var r,a,i,s,n,o=l.querySelectorAll('iframe[data-secret=\"'+t.secret+'\"]'),c=l.querySelectorAll('blockquote[data-secret=\"'+t.secret+'\"]');for(r=0;r<c.length;r++)c[r].style.display=\"none\";for(r=0;r<o.length;r++)if(a=o[r],e.source===a.contentWindow){if(a.removeAttribute(\"style\"),\"height\"===t.message){if(1e3<(i=parseInt(t.value,10)))i=1e3;else if(~~i<200)i=200;a.height=i}if(\"link\"===t.message)if(s=l.createElement(\"a\"),n=l.createElement(\"a\"),s.href=a.getAttribute(\"src\"),n.href=t.value,n.host===s.host)if(l.activeElement===a)d.top.location.href=t.value}}},e)d.addEventListener(\"message\",d.wp.receiveEmbedMessage,!1),l.addEventListener(\"DOMContentLoaded\",t,!1),d.addEventListener(\"load\",t,!1);function t(){if(!o){o=!0;var e,t,r,a,i=-1!==navigator.appVersion.indexOf(\"MSIE 10\"),s=!!navigator.userAgent.match(\/Trident.*rv:11\\.\/),n=l.querySelectorAll(\"iframe.wp-embedded-content\");for(t=0;t<n.length;t++){if(!(r=n[t]).getAttribute(\"data-secret\"))a=Math.random().toString(36).substr(2,10),r.src+=\"#?secret=\"+a,r.setAttribute(\"data-secret\",a);if(i||s)(e=r.cloneNode(!0)).removeAttribute(\"security\"),r.parentNode.replaceChild(e,r)}}}}(window,document);\n\/\/--><!]]>\n<\/script><iframe sandbox=\"allow-scripts\" security=\"restricted\" src=\"https:\/\/www.olisdecatalunya.es\/ca\/sis-gustoses-amanides-tajudaran-combatre-la-calor\/embed\/\" width=\"600\" height=\"338\" title=\"&#8220;Sis gustoses amanides que t\u2019ajudaran a combatre la calor&#8221; &#8212; Olis de Catalunya\" frameborder=\"0\" marginwidth=\"0\" marginheight=\"0\" scrolling=\"no\" class=\"wp-embedded-content\"><\/iframe>","thumbnail_url":"https:\/\/www.olisdecatalunya.es\/wp-content\/uploads\/2020\/08\/header-amanida.jpg","thumbnail_width":805,"thumbnail_height":452,"description":"Ens trobem al bell mig de l\u2019estiu, i com ja se sap les temperatures fan enfilar els term\u00f2metres. Les amanides s\u00f3n l\u2019aliat perfecte per combatre aquesta calor que ens acompanya des de que surt el sol fins que es pon. A m\u00e9s, tamb\u00e9 ens ajuden a gaudir d\u2019aquesta \u00e8poca de l\u2019any i a satisfer el paladar. En el post d\u2019avui et portem les sis amanides m\u00e9s gustoses d\u2019aquest estiu. No te les perdis, s\u00f3n molt f\u00e0cils de preparar! Sobretot, no t\u2019oblidis de donar-li el toc final amb l\u2019oli d\u2019oliva OleAurum. \u00c9s l\u2019ingredient imprescindible i el que far\u00e0 que l\u2019elaboraci\u00f3 estigui per llepar-se els dits! Amanida de cigrons Els ingredients imprescindibles per aquesta amanida son: fulles d\u2019alf\u00e0brega, pebrots del piquillo, ceba, ra\u00efm negre i cigrons. Quan aquests \u00faltims estiguin fets, s\u2019han de deixar esc\u00f3rrer. Els pebrots del piquillo s\u2019han de tallar en trossets petits, despr\u00e9s s\u2019afegeix la ceba en rodanxes i les fulles d\u2019alf\u00e0brega, que es poden tallar o deixar senceres. El ra\u00efm i els cigrons s\u2019afegeixen els \u00faltims. Com a toc final, s\u2019amaneix amb sal, vinagre i oli d\u2019oliva verge extra. Amanida amb quinoa La quinoa no podia faltar entre els ingredients d\u2019una amanida. \u00c9s l\u2019aliment que est\u00e0 de moda. [&hellip;]"}

Ens trobem al bell mig de l’estiu, i com ja se sap les temperatures fan enfilar els termòmetres. Les amanides són l’aliat perfecte per combatre aquesta calor que ens acompanya des de que surt el sol fins que es pon. A més, també ens ajuden a gaudir d’aquesta època de l’any i a satisfer el paladar. En el post d’avui et portem les sis amanides més gustoses d’aquest estiu. No te les perdis, són molt fàcils de preparar! Sobretot, no t’oblidis de donar-li el toc final amb l’oli d’oliva OleAurum. És l’ingredient imprescindible i el que farà que l’elaboració estigui per llepar-se els dits! Amanida de cigrons Els ingredients imprescindibles per aquesta amanida son: fulles d’alfàbrega, pebrots del piquillo, ceba, raïm negre i cigrons. Quan aquests últims estiguin fets, s’han de deixar escórrer. Els pebrots del piquillo s’han de tallar en trossets petits, després s’afegeix la ceba en rodanxes i les fulles d’alfàbrega, que es poden tallar o deixar senceres. El raïm i els cigrons s’afegeixen els últims. Com a toc final, s’amaneix amb sal, vinagre i oli d’oliva verge extra. Amanida amb quinoa La quinoa no podia faltar entre els ingredients d’una amanida. És l’aliment que està de moda. [&hellip;]
