{"version":"1.0","provider_name":"Olis de Catalunya","provider_url":"https:\/\/www.olisdecatalunya.es\/ca","author_name":"Olis de Catalunya","author_url":"https:\/\/www.olisdecatalunya.es\/ca\/author\/iker-garcia\/","title":"4 coses espectaculars que pots fer amb un bon pa i bon oli d'oliva verge extra. - Olis de Catalunya","type":"rich","width":600,"height":338,"html":"<blockquote class=\"wp-embedded-content\"><a href=\"https:\/\/www.olisdecatalunya.es\/ca\/pa-i-bon-oli-doliva-verge-extra\/\">4 coses espectaculars que pots fer amb un bon pa i bon oli d&#8217;oliva verge extra.<\/a><\/blockquote>\n<script type='text\/javascript'>\n<!--\/\/--><![CDATA[\/\/><!--\n\t\t\/*! This file is auto-generated *\/\n\t\t!function(d,l){\"use strict\";var e=!1,o=!1;if(l.querySelector)if(d.addEventListener)e=!0;if(d.wp=d.wp||{},!d.wp.receiveEmbedMessage)if(d.wp.receiveEmbedMessage=function(e){var t=e.data;if(t)if(t.secret||t.message||t.value)if(!\/[^a-zA-Z0-9]\/.test(t.secret)){var r,a,i,s,n,o=l.querySelectorAll('iframe[data-secret=\"'+t.secret+'\"]'),c=l.querySelectorAll('blockquote[data-secret=\"'+t.secret+'\"]');for(r=0;r<c.length;r++)c[r].style.display=\"none\";for(r=0;r<o.length;r++)if(a=o[r],e.source===a.contentWindow){if(a.removeAttribute(\"style\"),\"height\"===t.message){if(1e3<(i=parseInt(t.value,10)))i=1e3;else if(~~i<200)i=200;a.height=i}if(\"link\"===t.message)if(s=l.createElement(\"a\"),n=l.createElement(\"a\"),s.href=a.getAttribute(\"src\"),n.href=t.value,n.host===s.host)if(l.activeElement===a)d.top.location.href=t.value}}},e)d.addEventListener(\"message\",d.wp.receiveEmbedMessage,!1),l.addEventListener(\"DOMContentLoaded\",t,!1),d.addEventListener(\"load\",t,!1);function t(){if(!o){o=!0;var e,t,r,a,i=-1!==navigator.appVersion.indexOf(\"MSIE 10\"),s=!!navigator.userAgent.match(\/Trident.*rv:11\\.\/),n=l.querySelectorAll(\"iframe.wp-embedded-content\");for(t=0;t<n.length;t++){if(!(r=n[t]).getAttribute(\"data-secret\"))a=Math.random().toString(36).substr(2,10),r.src+=\"#?secret=\"+a,r.setAttribute(\"data-secret\",a);if(i||s)(e=r.cloneNode(!0)).removeAttribute(\"security\"),r.parentNode.replaceChild(e,r)}}}}(window,document);\n\/\/--><!]]>\n<\/script><iframe sandbox=\"allow-scripts\" security=\"restricted\" src=\"https:\/\/www.olisdecatalunya.es\/ca\/pa-i-bon-oli-doliva-verge-extra\/embed\/\" width=\"600\" height=\"338\" title=\"&#8220;4 coses espectaculars que pots fer amb un bon pa i bon oli d&#8217;oliva verge extra.&#8221; &#8212; Olis de Catalunya\" frameborder=\"0\" marginwidth=\"0\" marginheight=\"0\" scrolling=\"no\" class=\"wp-embedded-content\"><\/iframe>","thumbnail_url":"https:\/\/www.olisdecatalunya.es\/wp-content\/uploads\/2018\/03\/mike-kenneally-48641-unsplash-1.jpg","thumbnail_width":805,"thumbnail_height":452,"description":"Quan la mat\u00e8ria primera \u00e9s de bona qualitat no calen massa artificis per gaudir d&#8217;un delici\u00f3s i saludable mos. Un rajol\u00ed d&#8217;un bon oli d&#8217;oliva verge extra sobre una llesca de pa&#8230; aix\u00f2 ja resulta d\u2019aut\u00e8ntic esc\u00e0ndol! Comen\u00e7ar el dia amb una llesca de pa amb oli d&#8217;oliva \u00e9s molt bona idea: estem aportant al cos nutrients de qualitat, molt adequats i de pas combatem el restrenyiment. Per\u00f2 m\u00e9s enll\u00e0 de ser un bon inici per al nostre dia&#8230;pot ser un plaer pels sentits que ens podem permetre cada dia i en qualsevol moment. El pa i l\u2019oli d\u2019oliva verge extra conformen una de les combinacions culin\u00e0ries m\u00e9s antigues i saboroses del mediterrani. S\u00f3n dos aliments b\u00e0sics i sans que, quan s\u00f3n de qualitat, s\u2019uneixen donant peu a un ventall enorme de possibilitats: imaginaci\u00f3 al poder. Us donem una s\u00e8rie d\u2019idees perqu\u00e8 les proveu de fer a casa. S\u00f3n molt senzilles de preparar i el resultat pot ser espectacular&#8230; No cal dir que com m\u00e9s artesanal sigui el pa que utilitzeu millor resultats obtindreu. A l\u2019igual que l\u2019oli d\u2019oliva verge extra, aquest ha de ser de gran qualitat si realment voleu triomfar al m\u00e0xim. &nbsp; Pa amb oli d\u2019oliva verge [&hellip;]"}

Quan la matèria primera és de bona qualitat no calen massa artificis per gaudir d&#8217;un deliciós i saludable mos. Un rajolí d&#8217;un bon oli d&#8217;oliva verge extra sobre una llesca de pa&#8230; això ja resulta d’autèntic escàndol! Començar el dia amb una llesca de pa amb oli d&#8217;oliva és molt bona idea: estem aportant al cos nutrients de qualitat, molt adequats i de pas combatem el restrenyiment. Però més enllà de ser un bon inici per al nostre dia&#8230;pot ser un plaer pels sentits que ens podem permetre cada dia i en qualsevol moment. El pa i l’oli d’oliva verge extra conformen una de les combinacions culinàries més antigues i saboroses del mediterrani. Són dos aliments bàsics i sans que, quan són de qualitat, s’uneixen donant peu a un ventall enorme de possibilitats: imaginació al poder. Us donem una sèrie d’idees perquè les proveu de fer a casa. Són molt senzilles de preparar i el resultat pot ser espectacular&#8230; No cal dir que com més artesanal sigui el pa que utilitzeu millor resultats obtindreu. A l’igual que l’oli d’oliva verge extra, aquest ha de ser de gran qualitat si realment voleu triomfar al màxim. &nbsp; Pa amb oli d’oliva verge [&hellip;]
